 - (1 - 0). Let x be 2/9 + (-420)/(-54). Let p(h) = 7 - 3*h + h - x. What is p(i)?
-9
Let m be (2/7)/(((-10)/14)/(-5)). Let c(f) = -f**3 + 3*f**2 + 3*f - 1. Determine c(m).
9
Let v = -22 - -22. Let p(t) be the first derivative of -1/3*t**3 - 6*t - 4 + 1/2*t**2. Give p(v).
-6
Let r = 116 + -119. Let q(f) = f**3 + 4*f**2 + 3*f. Determine q(r).
0
Let s(a) be the first derivative of a**4/4 - a**3/3 + 3*a**2/2 - 6*a - 15. What is s(2)?
4
Let o = -1 + 1. Suppose o = 5*y - 5*z - 55, 4*z = -9 - 11. Let l(x) = x**2 + 4 - 4 + 1783*x + 5 - 1790*x. Give l(y).
-1
Let x be (-5)/(-3) - (-14)/(-21). Let j(w) be the third derivative of 7*w**5/60 + 4*w**2. Calculate j(x).
7
Let k(o) be the second derivative of -o**4/6 + 3*o + 92. What is k(2)?
-8
Let n(p) = p**3 - 8*p**2 - 10*p + 11. Suppose 54 = 561*f - 555*f. Determine n(f).
2
Suppose 78 = 4*i + i + c, -4*i = -c - 66. Let q(g) = -g**2 + i + 17 - 34. What is q(-3)?
-10
Let r be 3/(-1) + (-4)/(-1). Let g be -6*(r - (-9)/(-6)). Let i(a) = 7*a**2 - 2*a**3 + 6 - 3*a + 3*a**g + 5*a + 6*a. Give i(-6).
-6
Let s(c) = -c - 5. Suppose -25 - 19 = 4*r. Let t(h) = 5*h + 24. Let j(m) = r*s(m) - 2*t(m). Let k be (-43)/9 + (-4)/18. Determine j(k).
2
Let q(j) = -22*j**3 + j**2 - 1. Let h(f) = -7*f**2 - 117*f + 33. Let c be h(-17). Determine q(c).
22
Let f(p) be the third derivative of p**5/60 + 7*p**4/24 - 8*p**2. What is f(-6)?
-6
Let d(a) = -a**2 - 10*a - 9. Suppose 0 = 44*f - 191 + 675. Give d(f).
-20
Let w(n) = -2*n + 1. Let z(i) = -4*i. Let v be z(-1). Suppose v*c = -4*m + 4, 2*c - 4*c - 4 = 0. Give w(m).
-5
Let s be ((4/(-3))/2)/(2/(-15)). Let m(p) = -3*p + 4. Let o(t) = 4*t - 3. Let k(q) = s*o(q) + 4*m(q). What is k(1)?
9
Let d(c) = c**2 + 16*c + 13. Suppose -4*f - 132 = -92. Determine d(f).
-47
Let u(g) = -18*g + 2. Let i(k) = -22*k + 3. Let q(j) = 2*i(j) - 3*u(j). Calculate q(-1).
-10
Let z = -61 + 51. Let n be -5*((-12)/z - 0). Let r(u) = u**2 + 5*u - 8. Give r(n).
-2
Let a(h) = h**3 - h**2 + 4. Suppose 2*z + 207 = 3*l, 0 = 3*l - 3*z - 267 + 60. Let i = l - 69. Give a(i).
4
Suppose 0 = 3*h - 2*h + 19. Let d = -16 - h. Let z = d - 2. Let r(m) = 2*m**2 - m. Determine r(z).
1
Let f(s) = -2 + 10*s - 6*s - 7*s. Suppose -20*h = -15*h - 4*p + 30, 2*h + 9 = p. Calculate f(h).
4
Let y(d) = 2*d + 2. Suppose 7 + 3 = 5*s - r, 2*s + 4*r - 4 = 0. Let b be s - (-2 + -11) - 3. Suppose 0*a = -3*a + b. Calculate y(a).
10
Let k(v) = v**3 + 2*v**2 - 4*v + 1. Let f be 98/8 + 5/(-20). Suppose -4 = -p - f. Let a = p + 5. Determine k(a).
4
Let q(z) = -z**3 - 5*z**2 + 8*z + 14. Let u = 1188 + -1194. What is q(u)?
2
Let a(o) = 3*o + 13. Let h = 729 - 736. What is a(h)?
-8
Let w(m) be the second derivative of -1/2*m**3 - 8*m + 0*m**2 - 1/20*m**5 - 1/3*m**4 + 0. Give w(-2).
-2
Suppose -9*b + 18 = -0. Let m(f) = -5*f**2 + 4 + b*f**2 - f + f - f. Give m(-3).
-20
Let b(m) = 2*m - 10. Let o be b(5). Let y(g) = 121 + 2*g**2 - 123 - g**3 + o*g**3 + 0*g**3. What is y(2)?
-2
Let r(s) be the first derivative of -s**6/360 - s**5/30 + s**4/24 - 7*s**3/3 + 3. Let t(o) be the third derivative of r(o). Let a be (-3 - 2)*4/5. What is t(a)?
1
Let i be 5/(-2) - (20/(-8) + 1). Let r(d) = -2*d**2 + 2*d. Calculate r(i).
-4
Let d(k) = k**3 + 18*k**2 - 18*k + 21. Let i be d(-19). Suppose -b - 5 = n, -4*n + 12 = -i*b - 2*b. Let h(s) = -4*s. Give h(n).
4
Let q(t) = -11204 + 11204 + t + 0*t. Calculate q(11).
11
Let z(p) be the first derivative of -9/2*p**2 - 13*p - 8/3*p**3 + 29 + 1/4*p**4. Give z(9).
-13
Let j(k) be the first derivative of -k**7/840 + k**6/360 - k**4/24 + 5*k**3 - 19. Let m(d) be the third derivative of j(d). Give m(-1).
1
Let t(g) = -g**2 - 8*g + 5. Let h(a) = -5*a + 5. Let d be h(13). Let c = d + 52. What is t(c)?
5
Let p(x) be the first derivative of x**2/2 - 2*x - 49. Suppose 25 = -5*o + 5*n, -4*n + 10 = -2. Let u = 3 - o. Determine p(u).
3
Let w(z) be the third derivative of -z**5/60 + 7*z**4/24 - 5*z**3/6 + 5*z**2. Let u = -9 - -29. Let v be (-4 + -1)*(-24)/u. Calculate w(v).
1
Let n(u) = -u**2 + 11*u - 12. Let h = -88 + 90. Let i(c) = c + 7. Let j be i(h). Calculate n(j).
6
Let g(l) = -9*l**3 - 4*l**2 - 11*l**2 + 15*l**2. Give g(-1).
9
Let v = -123 + 130. Let m(a) = -3*a - 4*a + 1 + a**2 - v*a**2 + 5*a**2. Suppose 32 = -5*u + g, 0*u - 5*g + 28 = -3*u. Determine m(u).
7
Let m(t) be the second derivative of -1/12*t**4 + 1/6*t**3 + 0 + 1/2*t**2 + 9*t - 1/5*t**5. What is m(-1)?
3
Let q = 113 + -160. Let n be (-10)/45 + q/(-9). Let s(o) = -2*o - 1. Let a(u) = 2*u + 1. Let h(y) = n*a(y) + 6*s(y). Determine h(-1).
1
Let m(j) be the second derivative of j**4/6 - 13*j**2/2 - 7*j. Let q be m(7). Let r(v) = q*v - 86*v - v**2 + 2*v**2 + 3. Determine r(0).
3
Let m(l) = l**3 - 3*l - 3. Let s(d) = d + 15. Let g be ((-9)/1)/(18/24). Let f be s(g). Calculate m(f).
15
Let a(n) = n**3 + 12*n**2 + 20*n + 12. Suppose 17*v - 140 = 31*v. What is a(v)?
12
Let g(r) = 3*r. Let t(y) = -13*y + 1. Let w(o) = -9*g(o) - 2*t(o). Let d be w(-4). Let q(i) = -d*i**2 - 2 - 3 - i**3 + 7*i**2 + 0*i**2 - i. Give q(4).
7
Suppose -173 = -27*h + 97. Let f(n) = -n**2 + 7*n + 3. Give f(h).
-27
Let f(b) = -3*b - 6. Suppose 5*v + 27 = s - 4*s, -2*s - 10 = 2*v. Calculate f(v).
12
Suppose 88*p = 85*p + 66. Let v(j) = -2*j**2 + 42*j + 42. What is v(p)?
-2
Let w(h) = -h**2 - 6*h - 10. Suppose 0 = 2*o - 10, -r + 2*o = 5*o - 9. Calculate w(r).
-10
Let j(v) be the second derivative of -v**4/12 + v**3 - 3*v**2 + v. Let i be 1/(4 - 45/10)*2. Let r be (i - (1 - 4))/(-1)*5. Determine j(r).
-1
Suppose -g = -3*v + 3 + 9, -4*v + 16 = -2*g. Let y(u) = -2*u**2 - 2*u + 4. Determine y(v).
-36
Let c(n) = 3*n - 2. Let q(l) = -3*l + 2. Let i(j) = 3*c(j) + 4*q(j). Let m(a) = 5*a - 5. Let k(s) = 7*i(s) + 3*m(s). Suppose 7*v + 15 = 22. Give k(v).
-7
Let n = 55 - 48. Let k(w) = n + 0*w - 11 - w. What is k(4)?
-8
Let z(f) = f**3 + f**2 + f + 6. Suppose 2*j + 4*m - 16 = 0, -j = m - 0 - 12. Let b be (-8)/(-6) + j/(-12). What is z(b)?
6
Let q(f) = -2*f**3 - 49*f**2 - 23*f + 28. Let z be q(-24). Suppose 9*w + z = 11*w. Let b(r) be the third derivative of 5*r**4/24 - r**3/3 + r**2. What is b(w)?
8
Let k(j) = j**2 - 9. Let z(y) = 5*y**2 - 36. Suppose -2*h = 44 - 14. Let w = 17 + h. Let o(i) = w*z(i) - 9*k(i). Calculate o(0).
9
Let g(r) = -11*r + 1. Let c = -12 - -25. Let d be c + (-4)/16*-4. Suppose 20 = 5*o + 3*v + 2*v, 5*v - d = o. Calculate g(o).
-10
Let n(j) = 10 - 6*j + 4 + 7 - 19 + 2*j**2. Let s(b) = -b + 1. Let g(z) = n(z) - 4*s(z). What is g(-2)?
10
Let c(a) = -3*a**3 - a**2 - a - 3. Let l = -1 + 5. Let y(w) = -w + 0*w**3 - w**2 - l*w**3 - 4 + 0*w. Let z(n) = 5*c(n) - 4*y(n). Give z(0).
1
Let o(x) = 19 + x**2 - x + 0*x + 0*x**2. Suppose 5*a = -z, 2*z = -a + 2*a. Calculate o(z).
19
Let i(p) = 26*p - 17. Let k be i(1). Let o(u) = -u**3 + 8*u**2 + 14*u - 11. Determine o(k).
34
Let a(i) = 20*i**3 - 23*i**2 + 3*i. Let n(k) = -7*k**3 + 8*k**2 - k. Let g(f) = -6*a(f) - 17*n(f). Let m be -2 - (-2)/1 - -1. What is g(m)?
0
Let t be 84/16 + (-4)/16. Suppose -4*w = -t*u + 31, 0*w - 5*u = -3*w - 27. Let b(x) = x**2 + 6*x + 3. Give b(w).
-5
Suppose 19 = 2*j + 3*j + 4*w, -2*j + 9 = 3*w. Let f be -3 + (3 - -6)/j. Suppose f = -2*d - d. Let a(q) = q**3 - q**2 - 1. Give a(d).
-1
Suppose o - 4 = 2*u, -o - 2*u + 39 = 3*u. Suppose 0 = 2*f - o - 16. Let h(j) = 8 - 26 - 2*j + f - 5*j. Determine h(-2).
11
Suppose 3*b - 40 = -1. Let r(f) = -f**2 + 13*f - 7. Calculate r(b).
-7
Let x = 753 + -753. Let h(f) = -2*f**2 + 8. Give h(x).
8
Let k(i) be the third derivative of 1/6*i**3 + 0 - 6*i**2 - 5/24*i**4 + 0*i - 1/60*i**5. Suppose -2 = 3*n + 7. Calculate k(n).
7
Let p(c) = -c**2 + 2*c + 5. Let t(i) = -i. Let y(x) = p(x) + 2*t(x). Calculate y(5).
-20
Let i(u) = u**3 + 5*u**2 - 3. Let j(l) = -l**3 - 5*l**2 + l + 3. Let y(x) = -5*i(x) - 4*j(x). Let f be -72 + 76 + (1 - 9). What is y(f)?
3
Let f(h) = 13*h - 15. Let r(v) = 18*v - 22. Let a(g) = -7*f(g) + 5*r(g). Determine a(-12).
7
Suppose 50*u = 48*u + 24. Suppose -4*g + 8 = 2*z, -5*g = -11*z + u*z - 7. Let w(s) = -s**2 + s + 1. Determine w(z).
-1
Let w(t) = -9*t + 6. Let o(z) = 8*z - 5. Let q(d) = 8*o(d) + 7*w(d). Determine q(-7).
-5
Let y(q) = -54*q - 14 + 15*q + 17*q + 21*q. Calculate y(-9).
-5
Let p(d) be the third derivative of -d**6/120 - d**5/12 + d**4/3 + 10*d**3/3 - 119*d**2 - 1. Gi